13, 19, 8663
What are the prime factors of 51113372?
2, 1621, 7883
List the prime factors of 1748072.
2, 218509
What are the prime factors of 31688371?
11, 13, 19, 107, 109
List the prime factors of 904245587.
7, 19, 1021, 6659
What are the prime factors of 490084354?
2, 245042177
List the prime factors of 2819289278.
2, 13, 1009, 107467
List the prime factors of 235621133.
11, 21420103
List the prime factors of 2396157402.
2, 3, 73, 5470679
What are the prime factors of 310845498?
2, 3, 47, 223, 4943
List the prime factors of 892595582.
2, 29, 15389579
What are the prime factors of 61285110?
2, 3, 5, 23, 88819
List the prime factors of 3509466051.
3, 7, 13, 12855187
What are the prime factors of 4081875789?
3, 1360625263
What are the prime factors of 257461450?
2, 5, 5149229
What are the prime factors of 44158862?
2, 11, 97, 20693
List the prime factors of 26367012.
2, 3, 7, 34877
List the prime factors of 13751856.
2, 3, 131
List the prime factors of 719586790.
2, 5, 13, 425791
What are the prime factors of 4408723154?
2, 11, 149, 1344943
List the prime factors of 682102371.
3, 227367457
List the prime factors of 743701360.
2, 5, 107, 283, 307
What are the prime factors of 35624349?
3, 3958261
What are the prime factors of 1344024?
2, 3, 11, 1697
What are the prime factors of 79743770?
2, 5, 17, 41, 673
List the prime factors of 3926535075.
3, 5, 2113, 2753
What are the prime factors of 206336360?
2, 5, 43, 119963
What are the prime factors of 57480910?
2, 5, 17, 23, 61, 241
List the prime factors of 365539248.
2, 3, 2538467
List the prime factors of 3210877356.
2, 3, 4339, 61667
List the prime factors of 48035290.
2, 5, 4803529
What are the prime factors of 1106337893?
1106337893
List the prime factors of 6940474033.
19, 773, 472559
List the prime factors of 6535181372.
2, 4951, 329993
List the prime factors of 95212347.
3, 3121, 10169
What are the prime factors of 3428537377?
59, 58110803
List the prime factors of 1528495028.
2, 43, 8886599
List the prime factors of 113704780.
2, 5, 7, 139, 5843
What are the prime factors of 446661324?
2, 3, 571, 7243
What are the prime factors of 60226093?
61, 987313
What are the prime factors of 1521706059?
3, 23, 43, 7433
What are the prime factors of 701620263?
3, 127, 613841
List the prime factors of 39136290.
2, 3, 5, 1304543
What are the prime factors of 208547449?
11, 17, 1115227
List the prime factors of 63801423.
3, 7, 1012721
What are the prime factors of 280858360?
2, 5, 17, 413027
List the prime factors of 41475465.
3, 5, 921677
List the prime factors of 239633004.
2, 3, 13, 67, 101, 227
What are the prime factors of 16642701?
3, 1849189
List the prime factors of 8758048.
2, 13, 37, 569
List the prime factors of 4823134679.
11, 13883, 31583
List the prime factors of 3638476979.
3638476979
List the prime factors of 17146862.
2, 8573431
List the prime factors of 146179041.
3, 4327, 11261
List the prime factors of 3633041000.
2, 5, 3633041
What are the prime factors of 72033006?
2, 3, 37, 324473
What are the prime factors of 132715792?
2, 11, 754067
List the prime factors of 157451752.
2, 19681469
What are the prime factors of 220880983?
17, 23, 31, 18223
List the prime factors of 9589087.
9589087
What are the prime factors of 150420931?
137, 379, 2897
What are the prime factors of 65236110?
2, 3, 5, 53, 89, 461
List the prime factors of 625798882.
2, 199, 1572359
What are the prime factors of 518337233?
19, 27280907
List the prime factors of 217886086.
2, 11, 9903913
What are the prime factors of 252106223?
7883, 31981
List the prime factors of 169565146.
2, 29, 619, 4723
List the prime factors of 18865103.
18865103
List the prime factors of 6172933122.
2, 3, 137, 2503217
What are the prime factors of 63630187?
113, 563099
What are the prime factors of 3914758577?
239, 3967, 4129
List the prime factors of 26821027.
19, 29, 48677
List the prime factors of 8825098342.
2, 59, 311, 240479
List the prime factors of 3428730.
2, 3, 5, 17, 83
List the prime factors of 2639491553.
17, 155264209
List the prime factors of 153823473.
3, 97, 176201
List the prime factors of 347788096.
2, 5434189
What are the prime factors of 198785182?
2, 17, 19, 23, 787
List the prime factors of 74612986.
2, 7, 761357
What are the prime factors of 198863080?
2, 5, 13, 382429
What are the prime factors of 786229039?
17, 179, 258373
List the prime factors of 3099175945.
5, 73, 8490893
What are the prime factors of 73392317?
601, 122117
What are the prime factors of 41567441?
73, 569417
What are the prime factors of 256729404?
2, 3, 23, 930179
What are the prime factors of 2630666704?
2, 47, 1019, 3433
List the prime factors of 4852416657.
3, 11, 43, 293, 1061
List the prime factors of 284171397.
3, 94723799
List the prime factors of 1574845131.
3, 211, 2487907
List the prime factors of 78526316.
2, 11, 19, 29, 41, 79
List the prime factors of 84096334.
2, 7, 109, 55109
List the prime factors of 237801733.
13, 18292441
What are the prime factors of 2503749219?
3, 834583073
What are the prime factors of 296698177?
67, 4428331
What are the prime factors of 44009171?
227, 193873
What are the prime factors of 358442167?
16603, 21589
What are the prime factors of 214248462?
2, 3, 29, 1231313
What are the prime factors of 275542909?
275542909
List the prime factors of 602805088.
2, 18837659
What are the prime factors of 3055965511?
131, 23327981
List the prime factors of 23384356.
2, 5846089
List the prime factors of 53753596.
2, 13, 967, 1069
What are the prime factors of 141525426?
2, 3, 7, 481379
List the prime factors of 310202738.
2, 827, 187547
What are the prime factors of 4899519605?
5, 491, 557, 3583
List the prime factors of 325009814.
2, 162504907
What are the prime factors of 396682987?
18869, 21023
List the prime factors of 377504116.
2, 11, 8579639
List the prime factors of 45702626.
2, 2423, 9431
What are the prime factors of 329981465?
5, 11, 5999663
List the prime factors of 16725557.
16725557
What are the prime factors of 179044174?
2, 43, 2081909
What are the prime factors of 104012430?
2, 3, 5, 149, 23269
List the prime factors of 34822524.
2, 3, 11, 331, 797
List the prime factors of 3491787166.
2, 7, 29, 8600461
What are the prime factors of 3539079937?
3539079937
What are the prime factors of 3497904971?
11, 53, 227, 26431
What are the prime factors of 3907681262?
2, 8819, 221549
What are the prime factors of 1363582103?
13, 229, 458039
What are the prime factors of 40321970?
2, 5, 13, 310169
What are the prime factors of 47008268?
2, 211, 55697
What are the prime factors of 1030109019?
3, 343369673
List the prime factors of 242719115.
5, 17, 23, 124153
What are the prime factors of 1060224012?
2, 3, 9816889
What are the prime factors of 280568829?
3, 61, 1533163
List the prime factors of 3480381553.
11, 29, 10910287
List the prime factors of 1356439677.
3, 59, 7663501
List the prime factors of 96048506.
2, 23, 2088011
List the prime factors of 818427253.
7, 419, 39863
List the prime factors of 41115875.
5, 97, 3391
List the prime factors of 516864426.
2, 3, 13, 31, 59, 3623
List the prime factors of 413194480.
2, 5, 61, 227, 373
What are the prime factors of 1776227154?
2, 3, 13, 4073, 5591
What are the prime factors of 53806222?
2, 26903111
What are the prime factors of 154982344?
2, 11, 37, 47599
List the prime factors of 96737412.
2, 3, 17, 227, 2089
List the prime factors of 157613542.
2, 78806771
What are the prime factors of 23483643?
3, 7827881
What are the prime factors of 36662191?
19, 1929589
List the prime factors of 525861210.
2, 3, 5, 7, 2504101
What are the prime factors of 738981985?
5, 7, 277, 10889
List the prime factors of 401444905.
5, 67, 1198343
What are the prime factors of 1136972105?
5, 227394421
What are the prime factors of 68563309?
1033, 66373
What are the prime factors of 2545421398?
2, 13, 9323, 10501
What are the prime factors of 142078921?
31, 103, 44497
What are the prime factors of 18392058?
2, 3, 73, 13997
List the prime factors of 730958001.
3, 6491, 37537
What are the prime factors of 796943790?
2, 3, 5, 19, 23, 881
What are the prime factors of 176190750?
2, 3, 5, 78307
List the prime factors of 3798541808.
2, 237408863
List the prime factors of 3348418547.
521, 6426